3
What is -12353 (base 12) in base 8?
-60157
Convert 4802 (base 15) to base 11.
10551
-70142 (base 8) to base 2
-111000001100010
128 (base 10) to base 11
107
41232 (base 5) to base 16
a84
7d24 (base 15) to base 13
c13c
What is 3580 (base 11) in base 9?
6376
Convert -125 (base 6) to base 9.
-58
What is 1000110010011011 (base 2) in base 9?
54334
Convert 4217 (base 12) to base 9.
10811
Convert -1660 (base 13) to base 12.
-1aa1
What is 10011011110 (base 2) in base 4?
103132
-1003333 (base 4) to base 3
-12222011
Convert -1327a (base 12) to base 4.
-12122332
What is -3031 (base 5) in base 16?
-187
What is -4d34 (base 16) in base 6?
-231300
What is 111222110 (base 3) in base 6?
115103
What is -342103 (base 6) in base 15?
-88c3
6654 (base 12) to base 5
330141
What is 11001000010011 (base 2) in base 9?
18523
4ab (base 15) to base 16
425
Convert 1590 (base 10) to base 3.
2011220
1396 (base 11) to base 3
2110122
1b6c (base 16) to base 2
1101101101100
What is 1762 (base 8) in base 10?
1010
Convert -6132 (base 7) to base 9.
-2826
Convert 1366 (base 7) to base 16.
21a
What is 342 (base 12) in base 11?
3a9
a1a1 (base 13) to base 12
10a7a
7b3 (base 16) to base 11
1532
What is -1e3 (base 15) in base 16?
-1b6
What is 76 (base 11) in base 6?
215
-1100100111011011 (base 2) to base 15
-104a0
What is 3054 (base 6) in base 10?
682
What is -ca1 (base 14) in base 11?
-1967
Convert -45340 (base 6) to base 16.
-18fc
What is -14a5 (base 11) in base 4?
-132022
What is bc7 (base 14) in base 13?
10a4
Convert -1100100000 (base 2) to base 16.
-320
Convert 7971 (base 11) to base 7.
42365
Convert -505150 (base 6) to base 15.
-bcd6
Convert 70b (base 12) to base 7.
2654
What is 575 (base 11) in base 13?
40b
What is -3777 (base 11) in base 14?
-1b1a
What is -295 (base 15) in base 6?
-2422
75ab (base 13) to base 11
11328
-1571 (base 10) to base 16
-623
-2022210 (base 4) to base 11
-6732
Convert -3312 (base 4) to base 9.
-303
361 (base 13) to base 16
24a
-ec5 (base 16) to base 15
-11c1
What is -13112110 (base 4) in base 14?
-ad80
What is -2551 (base 6) in base 10?
-643
Convert -265 (base 11) to base 8.
-471
What is -110000110 (base 2) in base 9?
-473
-323414 (base 6) to base 3
-1100122201
What is 3fd5 (base 16) in base 8?
37725
Convert 2131 (base 4) to base 8.
235
What is 15252 (base 10) in base 15?
47bc
Convert 10481 (base 9) to base 2.
1101100101110
Convert 2101 (base 8) to base 13.
65a
What is 5244 (base 8) in base 3?
10201220
What is -400 (base 15) in base 10?
-900
What is 2cc9 (base 16) in base 6?
125025
Convert 17a7 (base 11) to base 4.
203313
-122212 (base 3) to base 7
-1256
What is -112 (base 13) in base 9?
-224
Convert -21223 (base 4) to base 15.
-2b4
What is -134 (base 7) in base 3?
-2202
Convert -561 (base 13) to base 10.
-924
Convert -401 (base 9) to base 12.
-231
What is 1526 (base 7) in base 6?
2452
-22156 (base 10) to base 11
-15712
What is -4504 (base 9) in base 3?
-11120011
What is -1771 (base 9) in base 16?
-550
Convert 1625 (base 8) to base 6.
4125
What is 21000 (base 4) in base 9?
710
Convert -241022 (base 5) to base 2.
-10001010110111
Convert 14544 (base 12) to base 7.
145600
What is 3269a (base 11) in base 13?
18779
What is 100203 (base 4) in base 2?
10000100011
What is -45324 (base 6) in base 4?
-1203310
12201 (base 4) to base 14
21b
What is 3550 (base 7) in base 12?
911
-101001001000 (base 2) to base 8
-5110
13244 (base 7) to base 15
10c5
-2c18 (base 14) to base 10
-7862
Convert -16a7 (base 11) to base 15.
-99e
What is -527 (base 15) in base 7?
-3250
What is 45300 (base 10) in base 11?
31042
What is -213366 (base 8) in base 12?
-353b2
What is 22386 (base 13) in base 5?
3442013
What is -2010 (base 7) in base 12?
-499
14 (base 8) to base 2
1100
1000101100 (base 2) to base 16
22c
What is 4079 (base 10) in base 6?
30515
Convert -10110100111 (base 2) to base 8.
-2647
What is 2232020 (base 4) in base 14?
40c0
1011110 (base 2) to base 13
73
What is -335310 (base 6) in base 2?
-110111011111010
What is -1010100000 (base 2) in base 3?
-220220
What is -43e (base 15) in base 11?
-7a2
What is 22011 (base 5) in base 8?
2742
Convert -41a3 (base 12) to base 15.
-21d9
-26022 (base 9) to base 10
-17516
What is 74 (base 9) in base 7?
124
13133 (base 4) to base 10
479
722 (base 14) to base 12
98a
225 (base 9) to base 3
20212
-21010111 (base 3) to base 6
-40021
-11422 (base 6) to base 16
-686
What is 535 (base 10) in base 6?
2251
Convert 12423 (base 8) to base 2.
1010100010011
Convert -5199 (base 10) to base 14.
-1c75
241342 (base 6) to base 14
7982
What is -2022 (base 6) in base 3?
-121112
12111 (base 7) to base 15
de9
Convert -280 (base 12) to base 9.
-466
Convert 11093 (base 10) to base 12.
6505
What is -2705 (base 9) in base 4?
-133232
-1010200121 (base 3) to base 9
-33617
What is 6653 (base 9) in base 5?
124113
-21111201 (base 3) to base 11
-4126
Convert -2001330 (base 4) to base 2.
-10000001111100
28d3 (base 15) to base 5
234443
-205025 (base 6) to base 4
-10010021
What is 24827 (base 13) in base 14?
1a74b
Convert 5bb (base 12) to base 4.
31133
Convert -49d9 (base 14) to base 4.
-3022003
82 (base 9) to base 11
68
-731c (base 14) to base 4
-10311232
Convert 2 (base 3) to base 15.
2
-21db (base 14) to base 16
-16f5
Convert -1553 (base 12) to base 14.
-cb5
3063 (base 11) to base 12
2426
Convert 1330 (base 8) to base 14.
3a0
Convert -31111 (base 4) to base 11.
-706
What is -132235 (base 6) in base 16?
-2f9f
What is -6135 (base 9) in base 3?
-20011012
Convert 4022 (base 10) to base 5.
112042
Convert 146 (base 8) to base 15.
6c
What is 323315 (base 6) in base 7?
140543
Convert -2a8 (base 12) to base 2.
-110100000
Convert -112 (base 4) to base 6.
-34
What is -100124 (base 5) in base 16?
-c5c
What is -fa (base 16) in base 9?
-307
1e34 (base 15) to base 5
202244
Convert 3532 (base 8) to base 5.
30012
-635 (base 8) to base 10
-413
Convert 42344 (base 5) to base 3.
10220112
Convert -3b42 (base 12) to base 3.
-100100112
-2a225 (base 12) to base 11
-4041a
What is 2952 (base 11) in base 5?
110213
-3267 (base 10) to base 5
-101032
-23684 (base 11) to base 7
-201253
What is -11100001111 (base 2) in base 15?
-807
Convert 112001 (base 3) to base 16.
17b
What is -180 (base 15) in base 3?
-110210
-112 (base 9) to base 14
-68
What is 37838 (base 11) in base 5?
3213444
What is -552 (base 15) in base 8?
-2262
Convert -231013 (base 4) to base 5.
-43022
383b5 (base 12) to base 16
12b39
2165 (base 7) to base 11
651
Convert 1a16 (base 15) to base 13.
2754
Convert -100101011 (base 2) to base 15.
-14e
Convert 10233 (base 4) to base 11.
256
-3311 (base 4) to base 16
-f5
350 (base 10) to base 11
299
What is 22203021 (base 4) in base 12?
21009
-5a0b (base 14) to base 9
-23464
-221341 (base 7) to base 5
-2221220
What is -34312 (base 5) in base 3?
-10101000
What is -6b9 (base 16) in base 6?
-11545
1020230 (base 4) to base 8
11054
-5d90 (base 16) to base 5
-1231302
Convert -1010101 (base 3) to base 7.
-2251
Convert -1125 (base 8) to base 11.
-4a3
-310 (base 8) to base 14
-104
Convert 1250 (base 8) to base 16.
2a8
What is 55 (base 11) in base 8?
74
Convert -10264 (base 12) to base 11.
-14942
1150 (base 12) to base 6
12540
What is 888d (base 14) in base 8?
56135
1758 (base 13) to base 8
6575
Convert 430123 (base 5) to base 10.
14413
What is 3105 (base 7) in base 5?
13313
What is 5332 (base 7) in base 11?
1464
Convert -1407 (base 8) to base 5.
-11100
What is 1022121 (base 3) in base 11?
7a4
What is 11210 (base 5) in base 2?
1100100101
-10136 (base 7) to base 6
-15245
Convert -13927 (base 10) to base 6.
-144251
102235 (base 7) to base 11
12266
What is -15903 (base 14) in base 12?
-2723b
Convert -50a9 (base 14) to base 11.
-a469
What is -321203 (base 4) in base 16?
-e63
-30100 (base 5) to base 6
-12444
What is 16063 (base 7) in base 4?
1012120
Convert -170 (base 11) to base 4.
-3012
What is 35425 (base 7) in base 2?
10001110101101
11000011100 (base 2) to base 14
7da
Convert -502 (base 16) to base 15.
-5a7
-3ac5 (base 13) to base 3
-102120200
Convert -1136 (base 7) to base 12.
-2ab
13224 (base 5) to base 10
1064
Convert -15551 (base 8) to base 6.
-52253
What is -1001001000 (base 2) in base 15?
-28e
8628 (base 9) to base 10
6344
22102 (base 6) to base 12
1932
231a (base 13) to base 7
20233
Convert -3ba (base 1